1 - 1301?
-102121112
In base 6, what is 351132442 + -103?
351132335
In base 10, what is -531151734 + -2?
-531151736
In base 3, what is 11 + 11002211112?
11002211200
In base 4, what is -131 + 321212001202?
321212001011
In base 2, what is -10010111111000111001 + 100010?
-10010111111000010111
In base 13, what is 7 + 9251b9c?
9251ba6
In base 15, what is 619e - -24de?
868d
In base 2, what is 11 + -10100010011110101011000?
-10100010011110101010101
In base 6, what is 15332 + 11005055?
11024431
In base 8, what is 3 - -1754444172?
1754444175
In base 10, what is 218 + 144?
362
In base 6, what is -51503240 - 14?
-51503254
In base 3, what is 202212002 + -22022221?
110112011
In base 7, what is 1323 + 326?
1652
In base 11, what is -3147058 - -7?
-3147051
In base 5, what is 112 + 4310124103?
4310124220
In base 14, what is 1951a72a + -2?
1951a728
In base 15, what is e - ae353?
-ae344
In base 7, what is 4 + -162413165?
-162413161
In base 10, what is 4 - 3121012?
-3121008
In base 4, what is 11 - -1132323100111?
1132323100122
In base 12, what is 230b6 - -3b1?
234a7
In base 3, what is 11 + -200012010022112022?
-200012010022112011
In base 10, what is 2 - -125212935?
125212937
In base 16, what is -acbeb48 - 1?
-acbeb49
In base 4, what is -2 + 212302021001?
212302020333
In base 10, what is -666091289 - -1?
-666091288
In base 3, what is 22 - 2002010211101210?
-2002010211101111
In base 11, what is -1 + a4195a1?
a4195a0
In base 6, what is 2351003033 + 0?
2351003033
In base 10, what is 127 + -169434?
-169307
In base 7, what is -206241643 + -52?
-206242025
In base 2, what is -1110110 + -10000000101110111111100?
-10000000101111001110010
In base 9, what is -5 + -27567586?
-27567602
In base 13, what is 1308495 + 3?
1308498
In base 11, what is -320523 - 19?
-320541
In base 7, what is -2 - -204300052?
204300050
In base 9, what is -3 + -486727?
-486731
In base 15, what is -4 + 28e3cb2?
28e3cad
In base 6, what is 42434 - 1153143?
-1110305
In base 15, what is 89c49 + 269?
89eb3
In base 6, what is -11200 - -302011?
250411
In base 14, what is 2954b - -63?
295b0
In base 16, what is 743 + -1065?
-922
In base 12, what is -2 + 3869b676?
3869b674
In base 6, what is -3231354 - 23?
-3231421
In base 10, what is -147 - -2564952?
2564805
In base 6, what is 142005412541 - 2?
142005412535
In base 13, what is -3cc9 + 15bab?
11bb2
In base 5, what is 334004 + 220?
334224
In base 10, what is -6374195 + -5?
-6374200
In base 3, what is -111222001001 - -101?
-111222000200
In base 12, what is 11ab4 - -22a?
12122
In base 16, what is 5 + e56978?
e5697d
In base 12, what is 6130436 - -4?
613043a
In base 15, what is 1a9bc - -8c?
1aa59
In base 11, what is 5958a54 - 8?
5958a47
In base 6, what is -224422452 + -10?
-224422502
In base 4, what is -1110 - 22212301201?
-22212302311
In base 8, what is -2417555 + -24?
-2417601
In base 6, what is -1 - -124440352?
124440351
In base 4, what is 122012 + -210132123?
-210010111
In base 10, what is -29 + -901420?
-901449
In base 8, what is 5244173 - -6?
5244201
In base 10, what is 4 - -2907253?
2907257
In base 6, what is 0 - 1524524504?
-1524524504
In base 3, what is 110022201202 - -2002?
110022210211
In base 6, what is 200330054 - 0?
200330054
In base 7, what is -1 + 545445634?
545445633
In base 11, what is -2 - -54aa120?
54aa119
In base 11, what is -100 + -21aaa?
-220aa
In base 13, what is 2bc04b8 + 11?
2bc04c9
In base 4, what is -100310123001 + -130?
-100310123131
In base 5, what is -3011001233 + 44?
-3011001134
In base 9, what is 14 + 57586?
57611
In base 16, what is -101f3 - cf?
-102c2
In base 11, what is -1126 + -15006?
-16131
In base 6, what is 5501 + 15303?
25204
In base 12, what is 46aa6 + 66?
46b50
In base 4, what is -10 + -231302323210?
-231302323220
In base 16, what is 16bf423 - -2?
16bf425
In base 14, what is 3 + 1d5b245?
1d5b248
In base 16, what is 4c5d - 162?
4afb
In base 2, what is 100011110001111000 + 100100?
100011110010011100
In base 4, what is 330221 + 11011123?
12002010
In base 8, what is -74 - 13676253?
-13676347
In base 13, what is -5335a - -22?
-53338
In base 10, what is -12773 - -547?
-12226
In base 4, what is -11 + -220323323130?
-220323323201
In base 15, what is 6765 - -70?
67d5
In base 15, what is a + -50c164c?
-50c1642
In base 3, what is 102201 + 1020201122012?
1020202001220
In base 16, what is 3 - 209886?
-209883
In base 15, what is -17369c2 + -4?
-17369c6
In base 12, what is -33a3 - -53764?
50381
In base 9, what is 382316 - 781?
381425
In base 2, what is -10111100 + -110111111001001000?
-110111111100000100
In base 16, what is 2 - 24b4ec?
-24b4ea
In base 12, what is -86b3 - 638?
-912b
In base 4, what is -3213 + 21320233?
21311020
In base 2, what is 101000110000010101100 - -1111010?
101000110000100100110
In base 6, what is -35533301 + -154?
-35533455
In base 3, what is -20002111221 - -2021?
-20002102200
In base 3, what is -201210111222102 - 222?
-201210112000101
In base 4, what is -10 + 331331002030?
331331002020
In base 2, what is -11011001110 + -10101000001110010?
-10101011101000000
In base 7, what is 2411365213 - -2?
2411365215
In base 7, what is 552 - -236231?
240113
In base 7, what is 50 - -346651?
350031
In base 13, what is b - a20ab?
-a20a0
In base 11, what is -7161342 + 30?
-7161312
In base 6, what is -100435 - 3533353?
-4034232
In base 2, what is 110011010111111000100100 + 1000?
110011010111111000101100
In base 14, what is 3d4328 + -314?
3d4014
In base 6, what is 5045 + -121205?
-112120
In base 9, what is -16 + 103623584?
103623567
In base 16, what is -2c - -28b3e1?
28b3b5
In base 10, what is 2 - -6042288?
6042290
In base 5, what is 2100 - 240231?
-233131
In base 3, what is -11001210202211 - -122?
-11001210202012
In base 2, what is -1000100010011010001111011 - -1000?
-1000100010011010001110011
In base 11, what is -6a4 - -1499?
8a5
In base 14, what is b627806 + -4?
b627802
In base 8, what is 1335660 + -65?
1335573
In base 14, what is -1248 + 39?
-120d
In base 2, what is 10110000101010000010001 - -1?
10110000101010000010010
In base 7, what is -161 + 2562303?
2562112
In base 12, what is -75730788 - -5?
-75730783
In base 15, what is b371 + -45?
b32b
In base 4, what is 1332 + -21211220?
-21203222
In base 16, what is -f3e9a8 + 1?
-f3e9a7
In base 11, what is 1040079 - -2a5?
1040373
In base 10, what is 2 + -94288553?
-94288551
In base 15, what is 6152d8 - -4?
6152dc
In base 8, what is 5461 - 1444?
4015
In base 10, what is -3 + 1204653?
1204650
In base 12, what is -7 + -664158?
-664163
In base 6, what is 131035511 + 3?
131035514
In base 4, what is 21 + 1211332?
1212013
In base 11, what is 3 - -551407?
55140a
In base 3, what is -111 + 102201200202021?
102201200201210
In base 11, what is -47a749 - 1?
-47a74a
In base 10, what is 6838484 - 34?
6838450
In base 3, what is -10 + -201020011002000?
-201020011002010
In base 14, what is 2d - -160869?
160898
In base 8, what is 25 - -1630421?
1630446
In base 8, what is -1 + 17700542?
17700541
In base 12, what is -284628b + 0?
-284628b
In base 4, what is 120122 - 21132111?
-21011323
In base 14, what is -315d + -1509?
-4668
In base 13, what is 2 - -45a22449?
45a2244b
In base 8, what is -1 - 56370541?
-56370542
In base 15, what is -213b - 5db?
-2727
In base 13, what is -3cc82b - 93?
-3cc8c1
In base 5, what is -1334121414 - 103?
-1334122022
In base 6, what is -131433011 + -43?
-131433054
In base 12, what is -ba75776 + 0?
-ba75776
In base 15, what is -bbd + 26298?
255ca
In base 2, what is 1000111011000100011 + -100110001?
1000111010011110010
In base 16, what is -e30 + 86?
-daa
In base 2, what is -101001110011 - -10000010110111?
1011001000100
In base 13, what is -53c2c + 28?
-53c04
In base 7, what is 2 - 450414202?
-450414200
In base 15, what is 652 - 1d0e?
-16ac
In base 13, what is -4 - -8b6181?
8b617a
In base 2, what is -100000 + 100010010001010011100?
100010010001001111100
In base 6, what is 3423 + -1505233?
-1501410
In base 12, what is 9844829 + 0?
9844829
In base 5, what is 4002210 + -1142?
4001013
In base 11, what is -267371 + -65?
-267426
In base 10, what is 3 + -10079803?
-10079800
In base 14, what is -c209b + -7?
-c20a4
In base 2, what is 111010010110000010 + -100101111110?
111001110000000100
In base 10, what is -5 + 102082168?
102082163
In base 7, what is 3215216 - 13?
3215203
In base 11, what is 